isor of 363 and 132?
33
Calculate the greatest common divisor of 68 and 34.
34
What is the highest common factor of 150 and 1550?
50
Calculate the highest common factor of 1581 and 279.
93
Calculate the highest common factor of 12 and 3804.
12
Calculate the greatest common factor of 80 and 5160.
40
What is the highest common divisor of 21 and 12761?
7
What is the greatest common divisor of 567 and 5607?
63
Calculate the greatest common divisor of 31999 and 11.
11
Calculate the highest common divisor of 78 and 3.
3
What is the highest common factor of 35 and 560?
35
What is the greatest common divisor of 42 and 525?
21
Calculate the greatest common divisor of 38 and 513.
19
What is the greatest common divisor of 4532 and 309?
103
Calculate the highest common divisor of 35 and 77.
7
What is the highest common factor of 11 and 53?
1
Calculate the highest common divisor of 1937 and 447.
149
What is the highest common factor of 17 and 2?
1
What is the greatest common factor of 130 and 104?
26
Calculate the greatest common factor of 394 and 2.
2
Calculate the highest common factor of 104 and 260.
52
Calculate the highest common divisor of 1221 and 4587.
33
Calculate the greatest common factor of 112 and 128.
16
Calculate the greatest common factor of 25331 and 1735.
347
Calculate the greatest common factor of 171 and 95.
19
What is the greatest common factor of 17 and 1292?
17
Calculate the greatest common divisor of 20 and 14990.
10
Calculate the greatest common factor of 336 and 483.
21
Calculate the highest common divisor of 510 and 90.
30
What is the greatest common factor of 551 and 247?
19
Calculate the greatest common factor of 1546 and 4.
2
What is the highest common divisor of 126 and 54?
18
Calculate the highest common divisor of 378 and 4347.
189
Calculate the greatest common factor of 18 and 1494.
18
Calculate the highest common divisor of 111 and 2368.
37
What is the highest common divisor of 102 and 58?
2
Calculate the greatest common divisor of 27 and 2295.
27
What is the highest common factor of 85 and 255?
85
What is the greatest common divisor of 12 and 28?
4
Calculate the greatest common factor of 21 and 4053.
21
Calculate the highest common divisor of 216 and 378.
54
Calculate the highest common divisor of 754 and 78.
26
What is the highest common factor of 203 and 1141?
7
Calculate the greatest common divisor of 3102 and 22.
22
What is the greatest common divisor of 36743 and 203?
203
Calculate the highest common factor of 2421 and 54.
9
What is the highest common divisor of 21 and 1281?
21
Calculate the greatest common divisor of 256 and 5168.
16
Calculate the highest common factor of 450 and 12.
6
Calculate the highest common divisor of 6832 and 56.
56
What is the highest common factor of 40 and 1780?
20
Calculate the highest common divisor of 850 and 350.
50
What is the highest common divisor of 336 and 552?
24
Calculate the greatest common divisor of 4 and 28.
4
What is the greatest common factor of 1225 and 775?
25
Calculate the greatest common divisor of 355 and 5.
5
Calculate the highest common factor of 95 and 1140.
95
What is the greatest common divisor of 177 and 3?
3
Calculate the greatest common divisor of 5 and 80.
5
Calculate the highest common divisor of 32 and 128.
32
Calculate the highest common factor of 324 and 76.
4
What is the greatest common factor of 208 and 13?
13
What is the highest common divisor of 24 and 600?
24
What is the highest common factor of 96 and 126?
6
Calculate the highest common factor of 74 and 14800.
74
What is the greatest common factor of 9 and 78?
3
Calculate the greatest common divisor of 6 and 1014.
6
Calculate the highest common divisor of 96 and 224.
32
Calculate the greatest common factor of 91 and 1547.
91
Calculate the highest common factor of 13630 and 203.
29
Calculate the greatest common factor of 46 and 2.
2
Calculate the greatest common divisor of 88 and 55.
11
What is the greatest common factor of 35 and 665?
35
What is the highest common divisor of 830 and 30?
10
What is the greatest common divisor of 763 and 35?
7
Calculate the highest common factor of 380 and 12.
4
Calculate the greatest common divisor of 26 and 4.
2
Calculate the greatest common divisor of 196 and 4.
4
Calculate the greatest common divisor of 302 and 906.
302
What is the greatest common divisor of 1088 and 136?
136
Calculate the highest common factor of 1952 and 48.
16
Calculate the highest common factor of 510 and 3791.
17
What is the greatest common divisor of 750 and 1950?
150
Calculate the greatest common factor of 51 and 26027.
17
Calculate the greatest common divisor of 54 and 216.
54
What is the highest common factor of 57 and 33?
3
Calculate the greatest common divisor of 26 and 71.
1
What is the greatest common divisor of 663 and 78?
39
What is the highest common factor of 8 and 10616?
8
Calculate the greatest common factor of 2176 and 1536.
128
What is the highest common divisor of 648 and 243?
81
What is the highest common factor of 323 and 152?
19
What is the highest common factor of 134 and 2144?
134
What is the greatest common factor of 4 and 2498?
2
Calculate the highest common factor of 1690 and 1300.
130
What is the highest common factor of 7974 and 36?
18
What is the greatest common divisor of 1920 and 14976?
384
Calculate the greatest common divisor of 11060 and 28.
28
What is the greatest common factor of 7 and 38381?
7
Calculate the highest common factor of 44 and 4906.
22
What is the highest common divisor of 3523 and 13?
13
Calculate the highest common factor of 12 and 30.
6
What is the greatest common divisor of 418 and 950?
38
What is the highest common divisor of 38 and 2318?
38
What is the greatest common factor of 28 and 602?
14
What is the greatest common factor of 7054 and 2?
2
What is the greatest common divisor of 148 and 20?
4
Calculate the greatest common divisor of 1089 and 27.
9
What is the highest common factor of 65 and 52?
13
What is the greatest common factor of 98 and 126?
14
What is the highest common factor of 8 and 72?
8
Calculate the greatest common factor of 931 and 57.
19
Calculate the greatest common divisor of 8519 and 14.
7
Calculate the greatest common factor of 73 and 511.
73
Calculate the highest common divisor of 1252 and 8.
4
Calculate the highest common divisor of 108 and 2148.
12
Calculate the greatest common divisor of 404 and 1919.
101
Calculate the greatest common divisor of 68 and 17.
17
Calculate the greatest common factor of 91 and 39.
13
Calculate the greatest common divisor of 9412 and 364.
52
Calculate the greatest common factor of 33 and 4367.
11
Calculate the greatest common factor of 63 and 15.
3
What is the greatest common divisor of 5589 and 46?
23
What is the highest common factor of 22 and 1474?
22
Calculate the greatest common factor of 462 and 168.
42
Calculate the greatest common factor of 24 and 15456.
24
Calculate the highest common factor of 4 and 3320.
4
Calculate the highest common divisor of 1296 and 64.
16
What is the greatest common factor of 319 and 22?
11
What is the greatest common divisor of 120 and 25560?
120
What is the greatest common factor of 60 and 3045?
15
Calculate the highest common divisor of 328 and 369.
41
Calculate the greatest common factor of 348 and 708.
12
Calculate the greatest common divisor of 1027 and 78.
13
Calculate the greatest common factor of 2886 and 333.
111
Calculate the highest common factor of 1037 and 119.
17
Calculate the greatest common divisor of 817 and 494.
19
Calculate the greatest common factor of 17 and 867.
17
What is the highest common divisor of 20232 and 18?
18
What is the greatest common divisor of 70 and 910?
70
What is the greatest common divisor of 3525 and 75?
75
What is the greatest common divisor of 14 and 161?
7
What is the greatest common divisor of 12 and 128?
4
What is the highest common divisor of 115 and 69?
23
What is the greatest common divisor of 153 and 119?
17
Calculate the greatest common factor of 72541 and 241.
241
What is the greatest common divisor of 220 and 1628?
44
What is the greatest common factor of 5986 and 1230?
82
Calculate the highest common divisor of 238 and 306.
34
What is the greatest common divisor of 8302 and 14?
14
Calculate th